{"id":70,"date":"2026-03-02T13:03:47","date_gmt":"2026-03-02T12:03:47","guid":{"rendered":"http:\/\/localhost\/www\/errebiassicura.cip\/?page_id=70"},"modified":"2026-03-02T13:03:48","modified_gmt":"2026-03-02T12:03:48","slug":"chi-siamo","status":"publish","type":"page","link":"https:\/\/www.errebiassicura.com\/index.php\/chi-siamo\/","title":{"rendered":"Chi siamo"},"content":{"rendered":"\n<div class=\"wp-block-columns is-layout-flex wp-container-core-columns-is-layout-9d6595d7 wp-block-columns-is-layout-flex\">\n<div class=\"wp-block-column is-layout-flow wp-block-column-is-layout-flow\">\n<p><em>Un Agenzia Vicino a te, con tutta la professionalit\u00e0 e competenza.<\/em><\/p>\n<\/div>\n<\/div>\n\n\n\n<div class=\"wp-block-columns is-layout-flex wp-container-core-columns-is-layout-9d6595d7 wp-block-columns-is-layout-flex\">\n<div class=\"wp-block-column is-layout-flow wp-block-column-is-layout-flow\" style=\"flex-basis:33.33%\">\n<figure class=\"wp-block-image size-full\"><img loading=\"lazy\" decoding=\"async\" width=\"400\" height=\"300\" src=\"http:\/\/www.errebiassicura.com\/wp-content\/uploads\/2026\/03\/img.jpeg\" alt=\"\" class=\"wp-image-71\" srcset=\"https:\/\/www.errebiassicura.com\/wp-content\/uploads\/2026\/03\/img.jpeg 400w, https:\/\/www.errebiassicura.com\/wp-content\/uploads\/2026\/03\/img-300x225.jpeg 300w\" sizes=\"auto, (max-width: 400px) 100vw, 400px\" \/><\/figure>\n<\/div>\n\n\n\n<div class=\"wp-block-column is-layout-flow wp-block-column-is-layout-flow\" style=\"flex-basis:66.66%\">\n<p>Grazie alla sua esperienza pluriennale Rubano Franco Broker \u00e8 in grado di offrire una consulenza su misura grazie alla gamma dei servizi e dei prodotti Assicurativi, con l\u2019obiettivo di soddisfare le molteplici esigenze del cliente.<\/p>\n\n\n\n<p>Seriet\u00e0, aggiornamento ma soprattutto alta qualit\u00e0 del servizio sono i valori che ispirano la nostra attivit\u00e0 e che ci permettono di offrire coperture personalizzate su misura in linea con lo stile di vita e i bisogni di chi richiede la nostra consulenza, siano essi professionisti o aziende.<\/p>\n\n\n\n<p>Seguiamo il cliente in ogni momento del rapporto con la nostra agenzia, dalla vendita all\u2019 eventuale supporto in caso di sinistro, offrendo sempre competenza e professionalit\u00e0.<\/p>\n\n\n\n<p><strong>Contattaci oggi stesso per un preventivo personalizzato!<\/strong><\/p>\n<\/div>\n<\/div>\n","protected":false},"excerpt":{"rendered":"<p>Un Agenzia Vicino a te, con tutta la professionalit\u00e0 e competenza. Grazie alla sua esperienza pluriennale Rubano Franco Broker \u00e8 in grado di offrire una consulenza su misura grazie alla gamma dei servizi e dei prodotti Assicurativi, con l\u2019obiettivo di<\/p>\n","protected":false},"author":1,"featured_media":0,"parent":0,"menu_order":0,"comment_status":"closed","ping_status":"closed","template":"","meta":{"footnotes":""},"class_list":["post-70","page","type-page","status-publish","hentry"],"_links":{"self":[{"href":"https:\/\/www.errebiassicura.com\/index.php\/wp-json\/wp\/v2\/pages\/70","targetHints":{"allow":["GET"]}}],"collection":[{"href":"https:\/\/www.errebiassicura.com\/index.php\/wp-json\/wp\/v2\/pages"}],"about":[{"href":"https:\/\/www.errebiassicura.com\/index.php\/wp-json\/wp\/v2\/types\/page"}],"author":[{"embeddable":true,"href":"https:\/\/www.errebiassicura.com\/index.php\/wp-json\/wp\/v2\/users\/1"}],"replies":[{"embeddable":true,"href":"https:\/\/www.errebiassicura.com\/index.php\/wp-json\/wp\/v2\/comments?post=70"}],"version-history":[{"count":1,"href":"https:\/\/www.errebiassicura.com\/index.php\/wp-json\/wp\/v2\/pages\/70\/revisions"}],"predecessor-version":[{"id":72,"href":"https:\/\/www.errebiassicura.com\/index.php\/wp-json\/wp\/v2\/pages\/70\/revisions\/72"}],"wp:attachment":[{"href":"https:\/\/www.errebiassicura.com\/index.php\/wp-json\/wp\/v2\/media?parent=70"}],"curies":[{"name":"wp","href":"https:\/\/api.w.org\/{rel}","templated":true}]}}